 + 132. What are the prime factors of (72/84)/(j/(-182))?
2, 3, 13
Let c = 19 + -16. Let f(l) = -l - 5. Let x be f(-9). Suppose -19 = -m - c*a + 41, 3*m - 160 = -x*a. What are the prime factors of m?
2, 3
Suppose -32*r - 300 = -t - 29*r, -2*t + 608 = 2*r. What are the prime factors of t?
3, 101
Let x be 19/4 - 8/(-32). Suppose a = -p - 535, 2684 = -x*a + 3*p + p. List the prime factors of 8/36 + a/(-18).
2, 3, 5
Let m = -225 - -397. Suppose 4*o = 3*u + 145 + 94, 0 = 3*o + 5*u - m. Suppose -2*d + o - 9 = 0. List the prime factors of d.
5
Let f(q) = -q - 11. Let l(y) = -y**2 + 6*y + 5. Let d be l(8). Let r be f(d). Suppose -13 = -i - r. What are the prime factors of i?
13
Let x = 68 + 422. What are the prime factors of x?
2, 5, 7
Suppose 588 = 3*n + 2*h, -n = -4*n - 3*h + 591. List the prime factors of n.
2, 97
Let y = 0 - -7. Let h(v) = v - 1. What are the prime factors of h(y)?
2, 3
List the prime factors of 3/(-12) - ((-72279)/12)/9.
3, 223
Let d(j) = 21*j**3 - 2*j**2 + 9*j - 14. List the prime factors of d(2).
2, 41
Suppose 3550*g = 3554*g - 6476. List the prime factors of g.
1619
Let i(h) = 6*h**2 - 2*h + 2. Let k(x) = -x**2 + 3*x. Let z be k(6). Let t = z + 20. List the prime factors of i(t).
2, 11
Let m(k) = -k**3 + k**2 + k + 461. Let i be m(0). Suppose -9*u = -916 - i. List the prime factors of u.
3, 17
Let i = -275 - -439. List the prime factors of i.
2, 41
Let v be (4 + 0)/(6 + -4). Suppose -4*s - v*w = -7*w - 24, w = 4*s - 8. List the prime factors of -12*(0 + s/(-3)).
2
Let p(c) = -4*c**2 - 20*c + 11. Let m be p(-5). Let z(d) = d**2 + d + 3. List the prime factors of z(m).
3, 5
Let t be 2/(-6)*45/10*82. Let s = 204 + t. List the prime factors of s.
3
Let z(o) be the third derivative of -o**7/720 - 7*o**6/720 + o**5/20 - 5*o**2. Let t(r) be the third derivative of z(r). What are the prime factors of t(-6)?
5, 7
Suppose 23924 - 860 = 6*r. List the prime factors of r.
2, 31
Let m(f) = f**2 + 3*f - 5. Let b = 6 + 2. List the prime factors of m(b).
83
Suppose 18 + 6 = -3*k. Suppose 9*n + 10 = 4*n. List the prime factors of k/(-6)*3 - n.
2, 3
Suppose -2*w + 5*r = 0, -5*w + 2*w - r + 34 = 0. What are the prime factors of (-1*(-72)/(-40))/((-2)/w)?
3
Let c(m) = 191*m**2 - m + 2. List the prime factors of c(-1).
2, 97
Let p be -3*(-4 + 12/4). Let v = 0 + p. Suppose -v*j - 5*l = -98 - 13, -j - 3*l + 37 = 0. List the prime factors of j.
37
Suppose 2*d = -2*h + 8, d = 5*h - 4*d + 20. Suppose -21*k + 27*k - 708 = h. What are the prime factors of k?
2, 59
Let z(h) = -9*h + 11. Let p be z(3). Let q = p + 137. List the prime factors of q.
11
Let n(p) = -p**2 - 9*p + 5. Let l be n(-6). Let i = 27 + l. List the prime factors of i.
2, 5
What are the prime factors of ((-11151)/(-14))/(9/18)?
3, 59
Let v be 3/((-9)/(-2))*3. Suppose 3*d = -5*b + 5, -5*d = b - 21 + 42. Suppose 2*p - 5*w - 100 = 0, -6*w + v*w + 172 = b*p. List the prime factors of p.
3, 5
Let x(b) = -b**2 + 9*b + 14. Let u be x(10). Let v(n) = -n + 7. What are the prime factors of v(u)?
3
Let x be (-3)/(-9) + 8/3. List the prime factors of (-2)/(x + 10/(-3)).
2, 3
Let q(j) = -j**3 + 17*j**2 - 26*j - 18. Let i be q(14). Let l = i + -136. List the prime factors of l.
2, 5, 7
Suppose 0 = 8*s - 10*s + 846. Suppose -3*m - 3*c = c + 263, -c + s = -5*m. Let a = 127 + m. What are the prime factors of a?
2, 3, 7
Suppose 3*q - 291 = 225. Suppose 0 = 5*s + 17 - q. Suppose 5*t = k + s, 4*k = 5*t - 6 - 13. What are the prime factors of t?
7
Let v(m) = 2*m - 7. Let q be v(6). Suppose -q*c - 14 = 1. Let o = c + 13. List the prime factors of o.
2, 5
Let t = 53 + -119. Let f be (-24)/((-70)/t - 1). List the prime factors of f/(-102) - (-6)/51.
2
Let o(r) = -r - 36. Let b(g) = -6*g - 181. Let n(y) = 2*b(y) - 11*o(y). List the prime factors of n(0).
2, 17
Let i be 161/46*2*(-3)/(-7). Suppose p + 3*l - 282 = 0, 3*l + 874 = i*p + 16. List the prime factors of p.
3, 5, 19
Suppose -4*s + b - 96 = 0, 4*s + 112 = -0*s + 5*b. Let f = s + 13. List the prime factors of (-3)/5 - 446/f.
2, 11
Let j(i) = -17*i + 12*i + 2 + 4*i + 88*i**2. List the prime factors of j(1).
89
What are the prime factors of (-1)/((-7)/3) - (-35217)/147?
2, 3, 5
Let t = 10 + -19. Let d = t - -21. What are the prime factors of ((-6)/d)/((-1)/8)?
2
Let d(o) = o**3 - 11*o**2 - 12*o + 17. Let n be d(12). Suppose n*h - 2085 = -351. List the prime factors of h.
2, 3, 17
Let h be -2 - (2/1 + -7). Let y = 3 - h. Suppose y*m - m = w - 3, 3*w + 39 = 3*m. List the prime factors of m.
2
Let o(r) = -r**3 + 6*r**2 - 3*r + 3. Let u be o(4). Suppose 2*w = -3*q - w + 24, 0 = -4*q + 5*w + u. What are the prime factors of q?
7
Suppose -5068 + 24253 = 15*u. List the prime factors of u.
1279
Let j be (30/(-4))/(10/20). List the prime factors of 4210/40 + j/12.
2, 13
List the prime factors of (161/(-14))/(1/(-222)).
3, 23, 37
Suppose 0 = -15*s - 20*s + 31815. List the prime factors of s.
3, 101
What are the prime factors of (-130)/(1/((-1)/2 + -2))?
5, 13
Suppose 0 = 105*g - 118*g + 28587. List the prime factors of g.
3, 733
Let w(o) be the first derivative of -o**3/3 + o**2 + o + 7. Let g be w(2). What are the prime factors of g - -46*(-4)/(-8)?
2, 3
Suppose -2*c + 4*a = -12, c + a - 36 = -3*a. List the prime factors of c.
2
Let c(o) = 3*o**2 - 34*o + 33. Let p be c(1). Let s = -91 - -243. Suppose 0*d = p*d - s. List the prime factors of d.
2, 19
Let l be 24/9*2*12/(-16). Let o(f) = -20*f + 26. What are the prime factors of o(l)?
2, 53
Suppose s = -3 + 5. Let f(k) = 4*k - 8. Let b(a) = -3*a + 8. Let c(z) = s*b(z) + 3*f(z). What are the prime factors of c(6)?
2, 7
Suppose 27*d - 1890 = 21*d. List the prime factors of d.
3, 5, 7
What are the prime factors of (1248/64)/(2/12)?
3, 13
Let i = 107 + 425. Suppose i = -o + 8*o. What are the prime factors of o?
2, 19
Let c(n) = -3*n + 8. Let g be c(0). What are the prime factors of (g - 4 - -143) + 1?
2, 37
Suppose -3*k + 8*k - 10 = -5*w, -5*w = 2*k - 4. Suppose w*l - 5*t = -l - 6, 0 = -l + t - 2. What are the prime factors of l*((-1 - 0) + -3)?
2
Let s be 2/3*24/2. Let l = s + -6. Suppose -l*p + 18 = u + 2*u, -u = -4. What are the prime factors of p?
3
Let o(q) = -q**3 - 19*q**2 + 20*q - 65. What are the prime factors of o(-23)?
37, 43
Suppose 0 = 13*w - 11*w. Suppose w = -3*k + 3 + 3. Suppose k*o - 3*o = -2. What are the prime factors of o?
2
Suppose 0 = -n + 4*a + 1, 0 = -7*n + 4*n - 4*a + 19. Suppose n*f = -62 + 122. What are the prime factors of f?
2, 3
Let l = 1036 + -668. Suppose 4*o = 2*o + l. List the prime factors of o.
2, 23
Let g(t) = t**3 - t**2. Let v be g(-1). Let c be 1*17/v*-4. Suppose 5*a - 3*n - 234 + c = 0, 94 = 2*a - 4*n. List the prime factors of a.
37
Let a(l) = l**3 + 14*l**2 + 10*l + 6. What are the prime factors of a(-5)?
181
Suppose -l - 2*k = -457, 4*l - k - 677 = 1106. List the prime factors of l.
3, 149
Suppose 2*f = 4*g + 12, -4*f + g + 12 = f. Suppose -6*y + 22 = -2. Suppose 0*v + 3*v + f*u - 24 = 0, -y*v + 5*u + 55 = 0. List the prime factors of v.
2, 5
Let y = -27 - -31. Suppose y = c - 98. What are the prime factors of c?
2, 3, 17
Let l = 909 + -393. What are the prime factors of l?
2, 3, 43
Suppose 0 = 9*z - 5*z - 2*j - 1998, 0 = z + 4*j - 486. List the prime factors of z.
2, 3, 83
Suppose -99*i + 104*i - 5*s = 5470, -4*s + 1069 = i. What are the prime factors of i?
3, 11
Suppose -389*c + 3074 = -387*c. What are the prime factors of c?
29, 53
Let s(m) = -m**2 - 15*m - 7. Let t be s(-6). Let q = t - 43. What are the prime factors of q?
2
Let m(k) = 5*k**2 + 3*k - 2. Let v be 2/(-8) - (-63)/12. Suppose v*t - 1 - 9 = 0, j = -4*t + 10. List the prime factors of m(j).
2, 3
Let t be 58 - (-2 - -3)*(-3 + 3). Suppose t*d - 180 = 54*d. List the prime factors of d.
3, 5
Let c(u) = u**2 + 3*u - 6. Let j(i) = 2*i + 9. Let o be j(-5). Let h be 110/(-11) - (o - 1). List the prime factors of c(h).
2, 17
Let s(m) = 5 - 2 + 570*m - 603*m. List the prime factors of s(-4).
3, 5
Suppose -8*r + 1879 = -185. List the prime factors of r.
2, 3, 43
What are the prime factors of 64/18 + (-24)/(-54)?
2
Let r(k) = k**2 + 10*k + 13. Let y be r(-7). List the prime factors of (y/(-2))/4*3.
3
Let c be 21/6*(-2 - -2*22). Suppose -398 - c = -5*f. List the prime factors of f.
109
Suppose 4*m - 3699 = 5*f + 2130, 2*m 